(b) be the first derivative of b**3/3 + 2*b**2 - 7*b - 1. Let p be m(u). Let x(r) = r**2 - 2*r - 4. What is x(p)?
11
Let c(a) = a**3 - 10*a**2 - 9*a - 15. Suppose 0 = -3*d + 3 + 30. Let u be c(d). Let s(j) = -j + 12. Calculate s(u).
5
Let i(l) = -2*l - 2. Suppose 20*q + 10 = 22*q. Suppose 3*n = 2*n + q. Calculate i(n).
-12
Let v(i) = -i + 2. Let q = 98 - 86. Give v(q).
-10
Suppose 54*b + 36 = 55*b. Let l(u) = -2*u**2 + u**2 - b*u - 46*u + 85*u. Calculate l(6).
-18
Let v(g) = -3*g**3 - 8*g**2 - 3*g + 12. Let a(t) = t**3 + 4*t**2 + 2*t - 5. Let k(x) = 5*a(x) + 2*v(x). Calculate k(5).
-6
Let o(x) = -73*x - 14. Let c be o(-9). Let h = 435 - c. Let r be h/36 + (-2)/9. Let t(s) = -s - 1. What is t(r)?
5
Let w = -38 - -2. Let b = 41 + w. Let z(i) = -3 + i + i + 0*i. Calculate z(b).
7
Let m(n) = n**2 + 11*n + 16. Let c be m(-8). Let a(z) = -z**2 - 8*z + 8. Give a(c).
8
Suppose -r + 9 = 19. Let w be 52/20 + 6/r. Let c(x) = -2*x**2 + 0 - 1 - x**2 + x + 3*x**3. Calculate c(w).
13
Suppose -3*c + f = -11, 2*c - 9 = f - 0*f. Suppose 0 = 3*a + 3*m + 3, 2*a - c*m - m - 18 = 0. Let x(d) = -d**3 + 2*d**2 - 3*d + 3. Determine x(a).
-15
Suppose 5*c = 2*q - 12, -5*c + 3 - 10 = 3*q. Let t(f) be the third derivative of -7*f**4/8 + f**3/6 + 13*f**2. Determine t(q).
-20
Let y be 7 - (2/(-6) - 28/(-12)). Suppose 6*j - j + 26 = -2*d, 0 = y*d + 4*j + 31. Let s(p) = p**2 + 2*p - 4. What is s(d)?
-1
Let n(z) be the first derivative of -9*z**2/2 + 4*z + 230. Give n(2).
-14
Let a = 10 + -5. Let o(f) = a - 4 - f + 6. Give o(4).
3
Let w(c) = -3*c + c**2 + 0*c + 2*c + 1 + 0*c - 7*c**3. Suppose 0*q + 5*f + 12 = -3*q, -4*q + 16 = -4*f. What is w(q)?
-6
Let b(z) = 17*z**2 + 4 + 16*z - 4*z**2 + 2*z**2 - 11*z. Let c(p) = 7*p**2 + 2*p + 2. Let t(i) = 6*b(i) - 13*c(i). Determine t(4).
-2
Let h(u) be the second derivative of -1/2*u**2 - 31*u - u**3 - 1/12*u**4 + 0. Determine h(-5).
4
Let r(o) = -6*o**2 - 3. Let t(s) = 5*s**2 + 3. Let i(d) = 6*r(d) + 7*t(d). Let z(w) be the first derivative of i(w). Determine z(3).
-6
Let s(c) = c**2 + 20*c + 23. Let a be s(-19). Let t be -14 + a - (-5 - -1). Let b(v) = v**3 + 5*v**2 - 5*v + 6. What is b(t)?
0
Let f(s) = -s**2 + 13*s + 7. Let b(h) = h + 4. Let u be b(10). Calculate f(u).
-7
Let b(o) = o**3 + 9*o**2 + 10. Let w be (23 + (-85)/5)*3/(-2). Give b(w).
10
Let a(k) = -3*k**3 + 9*k**2 - 2*k + 5. Let w(v) = 2*v**3 - 5*v**2 + v - 2. Let c(x) = -3*a(x) - 5*w(x). Give c(-4).
23
Let i(u) = u**3 - 9*u**2 + 7*u + 13. Let c(a) = -4*a - 80. Let g be c(-22). Give i(g).
5
Let g(y) = 36*y**2 - 54*y + 11. Let t(r) = -13*r**2 + 19*r - 4. Let k(w) = -4*g(w) - 11*t(w). What is k(7)?
0
Let y(f) = f - 3. Let w(q) = -1. Let p(o) = 3*o + 13. Let i(m) = -2*p(m) - 2*w(m). Let c be i(-5). What is y(c)?
3
Let y(g) = g**2 - g. Let b(q) = q**3 - 10*q**2 + 10*q + 3. Let k = -45 - -49. Let t(n) = k*y(n) + b(n). What is t(5)?
8
Let o(f) = -2*f - 3. Let g(v) be the first derivative of 1/2*v**2 - v - 1/4*v**4 + 9 + 4/3*v**3. Let x be g(4). What is o(x)?
-9
Let x(v) = -15 + 8 + 7 + v. Let a(b) = b**2 - 8*b + 1. Let f be a(8). Let q be (f/(-2))/((-2)/(-20)). Determine x(q).
-5
Suppose 0 = -4*o - 5*l + 8, 4*o = 5*l + 55 - 7. Suppose -3*x + y - 3*y = o, 1 = 3*x - 2*y. Let m(i) = -2*i**3 + 1. Calculate m(x).
3
Let u(d) = 3*d**2 - 14*d - 59. Let c(t) = t**2 - 5*t - 19. Let j(m) = -11*c(m) + 4*u(m). What is j(0)?
-27
Let z(m) = -m**2 + m - 3. Let a be z(0). Let n(i) = i**3 - i + 7. What is n(a)?
-17
Let f be (-2)/9 + 29/9. Suppose 0 = 2*g + 5*m + f, 5*m + 9 = -3*g + 2*g. Let h = g + -6. Let u(s) = s - 2. What is u(h)?
-2
Let m(w) = w**3 + 4*w**2 - 2*w + 2. Let s be m(-5). Let i = -9 - s. Let o(z) = 2*z - 2*z + z. What is o(i)?
4
Let d(v) = -v - 5*v + 1221 - 1221 - v**2. Let t be (-2)/(((-3)/4)/(-3)). What is d(t)?
-16
Let o(d) = 13*d**3 + 11*d**2 + 15*d - 20. Let f(y) = 8*y**3 + 7*y**2 + 10*y - 13. Let l(s) = -8*f(s) + 5*o(s). Let x(k) = k + 9. Let n be x(-6). Give l(n).
7
Let r(z) = z**2 - 7*z - 2. Suppose 0 = -3*y - 3*p - 18, 2*y + y - 4*p + 11 = 0. Let j(d) = d**2 - 4*d - 1. Let l(f) = y*j(f) + 3*r(f). Calculate l(-2).
-7
Let a(b) be the second derivative of b**3/6 + b**2/2 + 83*b. Give a(-7).
-6
Let f(q) be the second derivative of -q**4/12 - 2*q**3/3 + q**2 + q. Let r be f(-5). Let t(a) = -3 + 3*a**3 - 4*a**3 + 0*a**3 - 2*a**2. What is t(r)?
6
Let m = 140 - 138. Let z(f) = 3*f + 7. Let d(o) = 7*o + 13. Let a(x) = m*d(x) - 5*z(x). Calculate a(-5).
-4
Let q be 32/(-12)*3/(-2). Let m(n) = -4*n + 4*n + 0*n + q*n + 5 - n**2. What is m(4)?
5
Let z(d) = d**2 + 7*d + 9. Let l = -21 + 23. Let r(q) = -2*q**2 - 8*q - 8. Let h(b) = l*r(b) + 3*z(b). What is h(8)?
-13
Let t be 3 - (-40)/15*12/(-8). Let o = 41 - 23. Let h(r) = r + 1. Let z(g) = 27*g + 18. Let k(i) = o*h(i) - z(i). Calculate k(t).
9
Let s(u) be the second derivative of -u**5/20 + 2*u**4/3 - 4*u**3/3 + 5*u**2/2 - u. Let i = -896 + 903. Determine s(i).
-2
Let y be 1*-13 + 672/84. Let w(t) = -10*t + 3. What is w(y)?
53
Let t(v) = 11*v**2 + 10*v + 3. Let g = -24 + 33. Let c(f) = 5*f**2 + 5*f + 2. Let p(l) = g*c(l) - 4*t(l). Give p(-7).
20
Suppose 4*w = 4 + 24. Let h(r) be the third derivative of r**5/60 - 5*r**4/24 - r**3/3 + 141*r**2. Give h(w).
12
Suppose -6*c + 11*c - 10 = 0. Let r(o) = -12*o - 8*o + 4 + o**c + 12*o. Calculate r(6).
-8
Let y(o) = -o**2 + 4*o - 10. Let x(m) = 6*m**2 + 5*m + 4. Let k be x(-1). Determine y(k).
-15
Let p(a) = 4*a**3 - 5*a**2 - 2*a - 12. Let z(i) = 9*i**3 - 11*i**2 - 5*i - 25. Let b(n) = -7*p(n) + 3*z(n). Give b(3).
-3
Let a(o) be the third derivative of -o**6/120 + o**5/10 + 3*o**4/8 + 4*o**3/3 + 43*o**2. Determine a(7).
22
Let d(u) be the first derivative of u**7/840 - u**6/72 - u**5/60 + u**4/4 + 5*u**3 + 13. Let o(a) be the third derivative of d(a). Calculate o(5).
-4
Let m(l) = 1 - l**2 + 2 + 2*l + 0*l. Let t = 16592 - 16589. What is m(t)?
0
Suppose -5*z + 114 = 3*w, -4*w = z + w - 36. Let s = 16 - z. Let g be (-3)/s - (-6)/(-10). Let k(v) = v**3 - 1. Calculate k(g).
-1
Let w(f) be the first derivative of f**4/4 - 8*f**3/3 - f**2/2 + 4*f - 60. Determine w(8).
-4
Let v(f) = -f**2 + 8*f - 9. Suppose 8*a + 5*a - 78 = 0. Calculate v(a).
3
Let a be 2/7 - 19/(-7). Let f(x) = 8*x**2 - 8*x - 4. Let w = -42 + 36. Let k(b) = 7*b**2 - 7*b - 4. Let y(g) = w*f(g) + 7*k(g). What is y(a)?
2
Suppose -108 = -11*c + 7*c. Suppose 3 + c = -6*q. Let i(m) = -m**2 - 4*m - 1. Calculate i(q).
-6
Let t(h) = h**3 - 2*h**2 - 6*h + 4. Let q(r) = -r**3 - r**2 + r + 2. Let k be ((-4)/6)/((-8)/120). Suppose k = -5*f - 0*f. Let s be q(f). Determine t(s).
12
Let w(c) = 2*c - 7. Let h(q) = 4*q - 11. Let i be h(4). Suppose -i*m + 19 = -6. Give w(m).
3
Let f(h) = 2*h**3 + 5*h**2 - 5*h + 4. Let s(j) = 5*j**3 + 15*j**2 - 14*j + 11. Suppose x + 3*x + 32 = 0. Let g(p) = x*f(p) + 3*s(p). Give g(5).
-9
Suppose 0 = 4*d + 17 - 49. Let u(b) = 3*b**2 + b**2 - 6*b + 2*b - 1 - b**3 + d*b. Calculate u(5).
-6
Let j = 7 + -13. Let h(z) be the second derivative of -z**3/3 - 5*z**2/2 + 44*z. Determine h(j).
7
Let p(t) = t**2 + 7*t + 1. Let m be p(-8). Suppose m*f = -40 + 4. Let c(o) = -o**3 - o**2 + 4*o. Let k(q) = -q**2 - 1. Let v(y) = -c(y) - 2*k(y). Give v(f).
2
Let h = -2 + 5. Let c = -11 + 13. Let n(b) = -b + 4. Let i(y) = -5*y + 21. Let v(q) = c*i(q) - 11*n(q). What is v(h)?
1
Suppose 5*g - g - j - 18 = 0, -g + 6 = -j. Suppose 5*s = -4*a + 13, 3*s = -0*s + 3. Let n(r) = -3 + 3*r + 3*r**a - 2*r**2 + 1 - g*r. What is n(3)?
4
Let v(i) = i + 4. Let m(j) = 5*j + 2. Let t(n) = -n + 1. Let d(s) = -m(s) - 3*t(s). Let p(q) = -3*d(q) - 4*v(q). Suppose 2*g = -2 + 4. Give p(g).
1
Let p = -1796 + 1791. Let y(w) = -w**2 - 5*w - 18. Calculate y(p).
-18
Suppose 2*y = 3*w + 29, 0 = 2*w + 5*y - 6 - 0. Let c be (-3 - -6)*2/2. Let j(u) = -2*u + 5 + 2 + 3*u + c. What is j(w)?
3
Let t(y) = -y**3 - 6*y**2 - 2*y - 7. Let x(g) = g**2 + 10*g - 4. Let w be x(-9). Let p = 7 + w. Determine t(p).
5
Let f(s) = s**2 + 4*s - 3. Let r(i) be the second derivative of -i**4/12 - 5*i**3/6 + 3*i**2/2 + i. Let g(n) = 7*f(n) + 6*r(n). Calculate g(3).
0
Let g = -52 + 56. Let q(m) = -3 + g - 2 + 16*m. Give q(1).
15
Let p = -2 - -27. Let i = -24 + p. Let o(z) be the first derivative of z**4 - z**3/3 + z**2/2 - z + 1. Calculate o(i).
3
Let d(i) = i**2 - 6*i + 5. Let l = 9 + 3. Le